ed by 212.
3
What is the remainder when 565 is divided by 147?
124
Calculate the remainder when 201 is divided by 34.
31
Calculate the remainder when 8826 is divided by 9.
6
What is the remainder when 956 is divided by 20?
16
What is the remainder when 303 is divided by 81?
60
Calculate the remainder when 14 is divided by 6.
2
What is the remainder when 847 is divided by 7?
0
Calculate the remainder when 23567 is divided by 48.
47
Calculate the remainder when 643 is divided by 19.
16
Calculate the remainder when 205 is divided by 50.
5
What is the remainder when 40 is divided by 30?
10
Calculate the remainder when 4248 is divided by 25.
23
What is the remainder when 7970 is divided by 145?
140
Calculate the remainder when 250 is divided by 94.
62
What is the remainder when 1282 is divided by 146?
114
What is the remainder when 129 is divided by 50?
29
What is the remainder when 967 is divided by 11?
10
What is the remainder when 149 is divided by 72?
5
Calculate the remainder when 162 is divided by 13.
6
What is the remainder when 1105 is divided by 37?
32
What is the remainder when 686 is divided by 20?
6
What is the remainder when 65 is divided by 41?
24
Calculate the remainder when 1340 is divided by 1332.
8
What is the remainder when 374 is divided by 361?
13
What is the remainder when 1270 is divided by 67?
64
Calculate the remainder when 2206 is divided by 48.
46
What is the remainder when 1502 is divided by 83?
8
Calculate the remainder when 645 is divided by 9.
6
What is the remainder when 1009 is divided by 127?
120
What is the remainder when 515 is divided by 15?
5
Calculate the remainder when 4598 is divided by 107.
104
Calculate the remainder when 171 is divided by 12.
3
Calculate the remainder when 9552 is divided by 195.
192
What is the remainder when 683 is divided by 38?
37
What is the remainder when 698 is divided by 23?
8
What is the remainder when 60 is divided by 7?
4
Calculate the remainder when 921 is divided by 77.
74
What is the remainder when 1086 is divided by 49?
8
Calculate the remainder when 95 is divided by 50.
45
Calculate the remainder when 251 is divided by 171.
80
Calculate the remainder when 297 is divided by 215.
82
Calculate the remainder when 57 is divided by 6.
3
What is the remainder when 9437 is divided by 78?
77
What is the remainder when 203 is divided by 60?
23
What is the remainder when 166 is divided by 19?
14
What is the remainder when 52 is divided by 31?
21
What is the remainder when 266 is divided by 67?
65
What is the remainder when 155 is divided by 9?
2
Calculate the remainder when 1044 is divided by 496.
52
What is the remainder when 582 is divided by 35?
22
Calculate the remainder when 156 is divided by 60.
36
What is the remainder when 14 is divided by 2?
0
What is the remainder when 1311 is divided by 492?
327
Calculate the remainder when 389 is divided by 23.
21
Calculate the remainder when 717 is divided by 92.
73
Calculate the remainder when 4337 is divided by 28.
25
What is the remainder when 3777 is divided by 3769?
8
Calculate the remainder when 5578 is divided by 60.
58
Calculate the remainder when 185 is divided by 58.
11
What is the remainder when 43 is divided by 6?
1
Calculate the remainder when 105 is divided by 22.
17
Calculate the remainder when 362 is divided by 107.
41
What is the remainder when 81 is divided by 17?
13
Calculate the remainder when 300 is divided by 61.
56
What is the remainder when 2273 is divided by 125?
23
Calculate the remainder when 8767 is divided by 20.
7
What is the remainder when 102 is divided by 32?
6
What is the remainder when 402 is divided by 13?
12
Calculate the remainder when 1038 is divided by 20.
18
What is the remainder when 5219 is divided by 180?
179
Calculate the remainder when 431 is divided by 172.
87
What is the remainder when 119 is divided by 31?
26
Calculate the remainder when 1259 is divided by 13.
11
Calculate the remainder when 289 is divided by 66.
25
What is the remainder when 3212 is divided by 153?
152
Calculate the remainder when 290 is divided by 156.
134
What is the remainder when 802 is divided by 224?
130
What is the remainder when 1126 is divided by 24?
22
Calculate the remainder when 238 is divided by 33.
7
Calculate the remainder when 1687 is divided by 130.
127
What is the remainder when 95 is divided by 20?
15
What is the remainder when 542 is divided by 39?
35
Calculate the remainder when 375 is divided by 8.
7
Calculate the remainder when 1719 is divided by 144.
135
Calculate the remainder when 430 is divided by 144.
142
What is the remainder when 80 is divided by 39?
2
Calculate the remainder when 1597 is divided by 25.
22
What is the remainder when 428 is divided by 14?
8
What is the remainder when 227 is divided by 38?
37
What is the remainder when 895 is divided by 16?
15
What is the remainder when 231 is divided by 40?
31
What is the remainder when 658 is divided by 161?
14
Calculate the remainder when 211 is divided by 18.
13
What is the remainder when 87 is divided by 24?
15
Calculate the remainder when 242 is divided by 52.
34
What is the remainder when 92 is divided by 25?
17
What is the remainder when 1816 is divided by 20?
16
What is the remainder when 139 is divided by 21?
13
Calculate the remainder when 77 is divided by 61.
16
Calculate the remainder when 178 is divided by 30.
28
Calculate the remainder when 9331 is divided by 9.
7
What is the remainder when 289 is divided by 279?
10
Calculate the remainder when 1218 is divided by 4.
2
Calculate the remainder when 182 is divided by 32.
22
Calculate the remainder when 649 is divided by 97.
67
What is the remainder when 6490 is divided by 151?
148
Calculate the remainder when 843 is divided by 36.
15
Calculate the remainder when 127 is divided by 16.
15
What is the remainder when 768 is divided by 33?
9
What is the remainder when 1528 is divided by 22?
10
What is the remainder when 127 is divided by 29?
11
What is the remainder when 2022 is divided by 22?
20
Calculate the remainder when 101 is divided by 32.
5
What is the remainder when 485 is divided by 72?
53
Calculate the remainder when 2767 is divided by 47.
41
What is the remainder when 574 is divided by 48?
46
What is the remainder when 126 is divided by 70?
56
What is the remainder when 6102 is divided by 55?
52
What is the remainder when 187 is divided by 53?
28
Calculate the remainder when 314 is divided by 29.
24
What is the remainder when 2563 is divided by 318?
19
What is the remainder when 297 is divided by 50?
47
Calculate the remainder when 7283 is divided by 155.
153
What is the remainder when 41 is divided by 15?
11
What is the remainder when 395 is divided by 44?
43
Calculate the remainder when 201 is divided by 7.
5
What is the remainder when 17583 is divided by 143?
137
Calculate the remainder when 302 is divided by 76.
74
Calculate the remainder when 185 is divided by 69.
47
What is the remainder when 16197 is divided by 150?
147
Calculate the remainder when 349 is divided by 171.
7
What is the remainder when 40 is divided by 15?
10
Calculate the remainder when 100 is divided by 93.
7
Calculate the remainder when 146 is divided by 22.
14
What is the remainder when 9468 is divided by 128?
124
What is the remainder when 801 is divided by 45?
36
Calculate the remainder when 1054 is divided by 88.
86
Calculate the remainder when 18 is divided by 10.
8
What is the remainder when 648 is divided by 91?
11
Calculate the remainder when 96 is divided by 18.
6
What is the remainder when 1014 is divided by 61?
38
Calculate the remainder when 8212 is divided by 5.
2
Calculate the remainder when 329 is divided by 33.
32
What is the remainder when 38 is divided by 14?
10
Calculate the remainder when 6594 is divided by 42.
0
What is the remainder when 2100 is divided by 35?
0
What is the remainder when 453 is divided by 409?
44
Calculate the remainder when 6659 is divided by 111.
110
What is the remainder when 124 is divided by 40?
4
Calculate the remainder when 106 is divided by 5.
1
What is the remainder when 504 is divided by 251?
2
What is the remainder when 2581 is divided by 34?
31
What is the remainder when 354 is divided by 73?
62
What is the remainder when 227 is divided by 23?
20